{"id":1925,"date":"2024-03-08T09:15:39","date_gmt":"2024-03-08T09:15:39","guid":{"rendered":"https:\/\/jaukuskampas.lt\/?page_id=1925"},"modified":"2024-03-08T10:10:12","modified_gmt":"2024-03-08T10:10:12","slug":"privatumo-politika","status":"publish","type":"page","link":"https:\/\/jaukuskampas.lt\/index.php\/privatumo-politika\/","title":{"rendered":"Privatumo politika"},"content":{"rendered":"\t\t<div data-elementor-type=\"wp-page\" data-elementor-id=\"1925\" class=\"elementor elementor-1925\">\n\t\t\t\t<div class=\"elementor-element elementor-element-40d08c2 e-flex e-con-boxed e-con e-parent\" data-id=\"40d08c2\" data-element_type=\"container\">\n\t\t\t\t\t<div class=\"e-con-inner\">\n\t\t\t\t<div class=\"elementor-element elementor-element-b81bb01 elementor-widget elementor-widget-text-editor\" data-id=\"b81bb01\" data-element_type=\"widget\" data-widget_type=\"text-editor.default\">\n\t\t\t\t<div class=\"elementor-widget-container\">\n\t\t\t\t\t\t\t<p><strong>I. Bendrosios nuostatos<\/strong><\/p><ol><li>Shop.atvyko.lt internetin\u0117s parduotuv\u0117s (toliau &#8211; Parduotuv\u0117) taisykl\u0117s (toliau &#8211; Taisykl\u0117s) taikomos Pirk\u0117jui teikiant u\u017esakym\u0105 ir \u012fsigyjant prekes Shop.atvyko.lt\u00a0Parduotuv\u0117je.<\/li><li>Shop.atvyko.lt\u00a0turi teis\u0119 koreguoti Parduotuv\u0117s Taisykles.\u00a0Pirk\u0117jui apsiperkant Parduotuv\u0117je, taikomos Taisykl\u0117s, galiojan\u010dios u\u017esakymo pateikimo momentu (nurodomos prie u\u017esakymo).<\/li><li>Pirk\u0117jui\u00a0nesuteikiama galimyb\u0117 pateikti preki\u0173 u\u017esakym\u0105 Shop.atvyko.lt, jeigu jis n\u0117ra susipa\u017ein\u0119s su Parduotuv\u0117s Taisykl\u0117mis. Visais atvejais laikoma, jog\u00a0Pirk\u0117jas yra susipa\u017ein\u0119s su Taisykl\u0117mis ir joms pritaria, jeigu prie\u0161 u\u017esakydamas prekes, jis patvirtina savo pritarim\u0105 Taisykl\u0117ms varnele pa\u017eym\u0117damas \u201eSusipa\u017einau ir sutinku su taisykl\u0117mis ir privatumo politika\u201c. Tais atvejais, kai\u00a0Pirk\u0117jas i\u0161 dalies ar visi\u0161kai nepritaria visoms arba tam tikrai daliai Taisykli\u0173, jis privalo nepateikti u\u017esakymo elektroniniu b\u016bdu Shop.atvyko.lt. Prie\u0161ingu atveju laikoma, kad\u00a0Pirk\u0117jas susipa\u017eino ir bes\u0105lygi\u0161kai sutiko su visomis Parduotuv\u0117s Taisykl\u0117mis.<\/li><li>Shop.atvyko.lt\u00a0atleid\u017eiama nuo bet kokios atsakomyb\u0117s tais atvejais, kai nuostoliai kyla d\u0117l to, jog Pirk\u0117jas, neatsi\u017evelgdamas \u012f jam teikiamas rekomendacijas ir savo \u012fsipareigojimus, nesusipa\u017eino su Parduotuv\u0117s Taisykl\u0117mis, nors jam tokia galimyb\u0117 buvo suteikta.<\/li><\/ol><p><strong>II. U\u017esakymo pateikimo s\u0105lygos<\/strong><\/p><ol><li>Pirk\u0117jas, apsilank\u0119s Parduotuv\u0117s internetiniame puslapyje, pasirenka jam patinkan\u010dias prekes, \u0161iuo pagrindu suformuojamas preki\u0173 krep\u0161elis<\/li><li>Suformavus preki\u0173 krep\u0161el\u012f,\u00a0Pirk\u0117jas turi pasirinkti pristatymo b\u016bd\u0105 ir suvesti duomenis, b\u016btinus Pirkimo-pardavimo sutar\u010diai tarp jaukuskampas.lt ir Pirk\u0117jo sudaryti bei Pirk\u0117jo\u00a0pasirinktoms prek\u0117ms pristatyti: savo vard\u0105, pavard\u0119, telefono numer\u012f, adres\u0105, kuriuo bus pristatomos prek\u0117s. jaukuskampas.lt patvirtina, kad\u00a0Pirk\u0117jo pateikti duomenys bus naudojami i\u0161skirtinai tik preki\u0173 pardavimo ir pristatymo tikslais, nepa\u017eeid\u017eiant LR teis\u0117s akt\u0173 numatyt\u0173 reikalavim\u0173 asmens duomen\u0173 apsaugai.<\/li><li>Pirk\u0117jas turi pasirinkti vien\u0105 i\u0161 galim\u0173 atsiskaitymo jaukuskampas.lt el. parduotuv\u0117je b\u016bd\u0173: Lietuvos bank\u0173 interneto bankininkyste, bankiniu pavedimu arba mok\u0117jimo kortele.<\/li><li>Pirk\u0117jas\u00a0privalo \u012fsitikinti, jog pateikti duomenys yra teisingi ir atitinkantys jo pageidavimus.\u00a0Jis turi galimyb\u0119 pataisyti klaidingus duomenis prie\u0161 i\u0161siun\u010diant u\u017esakym\u0105 jaukuskampas.lt.\u00a0Pirk\u0117jui suteikiama galimyb\u0117 koreguoti asmeninius duomenis, b\u016btinus preki\u0173 pristatymui.\u00a0Pirk\u0117jui nesuteikiama galimyb\u0117 patvirtinti u\u017esakymo iki to momento, kol jis pa\u017eymi, jog yra susipa\u017ein\u0119s ir sutinka su jaukuskampas.lt Parduotuv\u0117s Taisykl\u0117mis.\u00a0<\/li><li>Pirk\u0117jui patvirtinus u\u017esakym\u0105, jis perduodamas jaukuskampas.lt U\u017esakymas laikomas pateiktu nuo to momento, kai j\u012f gauna jaukuskampas.lt. Nuo to momento laikoma, jog tarp\u00a0Pirk\u0117jo ir jaukuskampas.lt yra sudaryta Pirkimo-Pardavimo sutartis. Ta\u010diau \u0161i sutartis laikoma vykdytina tik nuo to momento, kai jaukuskampas.lt gauna patvirtinim\u0105 i\u0161\u00a0Pirk\u0117jo pasirinkto banko apie atsiskaitym\u0105 u\u017e prekes (i\u0161skyrus atvejus, kai pasirenkamas atsiskaitymas po prek\u0117s pristatymo). Kai atsiskaitoma grynaisiais kurjeriui prista\u010dius prekes arba kortele pa\u0161tomate, jaukuskampas.lt prievol\u0117 vykdyti Sutart\u012f kyla nuo to momento, kai Pirk\u0117jas patvirtina savo u\u017esakym\u0105 jaukuskampas.lt Parduotuv\u0117je.<\/li><li>Pirk\u0117jui pateikus u\u017esakym\u0105, jaukuskampas.lt sistema automati\u0161kai atsiun\u010dia\u00a0Pirk\u0117jui elektronin\u012f lai\u0161k\u0105, kuriame nurodomos u\u017esakytos prek\u0117s bei\u00a0Pirk\u0117jo pateikti duomenys.<\/li><li>Pirk\u0117jo pateiktas u\u017esakymas saugomas jaukuskampas.lt duomen\u0173 baz\u0117je remiantis Lietuvos Respublikos galiojan\u010di\u0173 teis\u0117s akt\u0173 reikalavimais d\u0117l toki\u0173 duomen\u0173 saugojimo termino.<\/li><li>Visais atvejais laikoma, jog Pirk\u0117jas, pateikdamas u\u017esakym\u0105, yra susipa\u017ein\u0119s ir sutinka su visomis jaukuskampas.lt el. parduotuv\u0117s Taisykl\u0117mis, kaip ir su visomis kitomis prie u\u017esakymo nurodytomis s\u0105lygomis.<\/li><li>Sutartis sudaroma lietuvi\u0173 kalba ir jai jai taikomi Lietuvos Respublikos teis\u0117s aktai ir Lietuvos teism\u0173 jurisdikcija.<\/li><\/ol><p><strong>\u00a0III. Preki\u0173 kokyb\u0117s garantija\u00a0<\/strong><\/p><p>9.1. Prek\u0117ms galioja j\u0173 gamintojo suteikta kokyb\u0117s garantija ir\u00a0 tinkamumo naudoti terminas, kuri\u0173 konkretus terminas ir kitos s\u0105lygos, \u012fskaitant s\u0105lygas garantijos netaikymui, nurodomos toki\u0173 Preki\u0173 apra\u0161ymuose, ant Prek\u0117s pakuot\u0117s arba kartu su Prek\u0117mis pateikiamose garantin\u0117se knygel\u0117se. Jeigu tam tikroms Preki\u0173 r\u016b\u0161ims gamintojo kokyb\u0117s garantija n\u0117ra pateikta, tokioms Prek\u0117ms galioja dviej\u0173 met\u0173 garantija kuri neapriboja ir nevar\u017eo Pirk\u0117j\u0173 teisi\u0173, kurias \u012fsigijus netinkamos kokyb\u0117s prek\u0119 Pirk\u0117jams nustato LR CK.<\/p><p>9.2. Pirk\u0117jas, \u012fsigij\u0119s netinkamos kokyb\u0117s Prek\u0119 savo pasirinkimu turi teis\u0119:<\/p><p>9.2.1. reikalauti i\u0161 Pardav\u0117jo nemokamai pa\u0161alinti Prek\u0117s tr\u016bkumus; arba<\/p><p>9.2.2. reikalauti i\u0161 Pardav\u0117jo nemokamai pakeisti netinkamos kokyb\u0117s Prek\u0119 tinkamos kokyb\u0117s Preke; arba<\/p><p>9.2.3. reikalauti i\u0161 Pardav\u0117jo atitinkamai suma\u017einti Prek\u0117s kain\u0105; arba<\/p><p>9.2.4. viena\u0161ali\u0161kai nutraukti Sutart\u012f ir pareikalauti sugr\u0105\u017einti sumok\u0117t\u0105 Prek\u0117s kain\u0105.<\/p><p>9.3. Pirk\u0117jas supranta, kad Tinklapyje pavaizduot\u0173 Preki\u0173 spalva, forma ar kiti parametrai gali neatitikti reali\u0173 Prek\u0117s form\u0173, spalvos ar kit\u0173 parametr\u0173 d\u0117l Pirk\u0117jo naudojamo \u012frenginio technini\u0173 savybi\u0173. D\u0117l to, tuo atveju, jeigu Jums reik\u0117t\u0173 i\u0161samesn\u0117s informacijos, patarimo ar nurodym\u0173 d\u0117l m\u016bs\u0173 Preki\u0173, pra\u0161ome kreiptis tiesiogiai \u012f Pardav\u0117j\u0105 el. pa\u0161tu parduotuve@atvyko.lt<\/p><p><strong>V. Apmok\u0117jimas<\/strong><\/p><p>1. Pirk\u0117jas atsiskaito u\u017e savo u\u017esakytas prekes vienu i\u0161 jaukuskampas.lt Parduotuv\u0117je nurodyt\u0173 b\u016bdu:<\/p><ol><li style=\"list-style-type: none;\"><ul><li>Naudodamiesi Lietuvos bank\u0173 interneto bankininkyst\u0117s paslaugomis;<\/li><li>Grynais pinigais prekes prista\u010diusiam kurjeriui;<\/li><li>Paprastu bankiniu pavedimu \u012f vien\u0105 i\u0161 m\u016bs\u0173 s\u0105skait\u0173 (prieinamas tik juridiniams asmenims);<\/li><li>Bankine kortele, atsiimant prekes \u201cOmniva\u201d pa\u0161tomate.<\/li><\/ul><\/li><\/ol><p>\u012emon\u0117 pasilieka teis\u0119 keisti mok\u0117jimo b\u016bdus arba apriboti galimyb\u0119 atsisakityti tam tikrais b\u016bdais.\u00a0<\/p><p>2. Jeigu Pirk\u0117jas pasirinko vien\u0105 i\u0161 internetinio atsiskaitymo b\u016bd\u0173, jis \u012fsipareigoja u\u017e u\u017esakytas prekes ir preki\u0173 pristatym\u0105 atsiskaityti nedelsiant, prie\u0161ingu atveju, jis praranda teis\u0119 reik\u0161ti pretenzijas d\u0117l preki\u0173 pristatymo termin\u0173 pa\u017eeidimo, kadangi pagal Pirk\u0117jo u\u017esakym\u0105 preki\u0173 siuntinys pradedamas formuoti tik jaukuskampas.lt gavus apmok\u0117jim\u0105 u\u017e prekes (i\u0161skyrus atvejus, kai pasirenkamas atsiskaitymas po prek\u0117s pristatymo).<\/p><p>3. Jeigu Pirk\u0117jas pasirinko apmok\u0117jim\u0105 u\u017e prekes po prek\u0117s pristatymo, u\u017esakytos prek\u0117s Pirk\u0117jui i\u0161siun\u010diamos tik po to, kai su Pirk\u0117ju susisiekiama ir \u012fsitikinama, kad u\u017esakymas yra tikras ir prek\u0117s pristatymo adresai yra teisingi.<\/p><p>4. Pirk\u0117jui, daugiau nei tris kartus gr\u0105\u017einus visas pirktas prekes, \u012fmon\u0117 pasilieka teis\u0119 apriboti nemokamo\u00a0 pristatymo galimyb\u0119 ir atsiskaitymo u\u017e prekes\u00a0 atsi\u0117mimo vietoje galimyb\u0119.<\/p><p>5. Pirk\u0117jui, daugiau nei tris kartus neatsi\u0117mus preki\u0173 i\u0161 pa\u0161tomato, \u012fmon\u0117 pasilieka teis\u0119 apriboti nemokamo\u00a0 pristatymo galimyb\u0119 ir atsiskaitymo u\u017e prekes\u00a0 atsi\u0117mimo vietoje galimyb\u0119.\u00a0<\/p><p><b>VI.Preki\u0173 pristatymas.<\/b><\/p><p>6.1. Pirk\u0117jas, u\u017esakymo metu pasirink\u0119s preki\u0173 pristatymo paslaug\u0105, \u012fsipareigoja nurodyti tiksli\u0105 preki\u0173 pristatymo viet\u0105.<br \/>6.2. Pirk\u0117jas \u012fsipareigoja prekes priimti pats. Tuo atveju, jei Pirk\u0117jas preki\u0173 pats priimti negali, o prek\u0117s pristatytos nurodytu adresu, Pirk\u0117jas neturi teis\u0117s reik\u0161ti Pardav\u0117jui pretenzij\u0173 d\u0117l preki\u0173 pristatymo netinkamam subjektui.<br \/>6.3. Prekes pristato Pardav\u0117jo \u012fgaliotas kurjeris.<br \/>6.4. Jei J\u016bs\u0173 u\u017esakyta prek\u0117 yra sand\u0117lyje Lietuvoje prekes pristatysime per 1 &#8211; 3 darbo dienas.\u00a0<br \/>6.6. Pardav\u0117jas pristato Pirk\u0117jui prekes vadovaudamasis preki\u0173 apra\u0161ymuose nurodytais terminais.\u00a0\u00a0<br \/>6.7. Visais atvejais Pardav\u0117jas atleid\u017eiamas nuo atsakomyb\u0117s u\u017e preki\u0173 pateikimo termin\u0173 pa\u017eeidim\u0105, jeigu prek\u0117s Pirk\u0117jui n\u0117ra pateikiamos arba pateikiamos ne laiku d\u0117l Pirk\u0117jo kalt\u0117s arba d\u0117l nuo Pardav\u0117jo nepriklausan\u010di\u0173 aplinkybi\u0173.<br \/>6.8. Pirk\u0117jas privalo visais atvejais nedelsiant informuoti Pardav\u0117j\u0105, jeigu siunta pateikiama sulamdytoje arba kitu b\u016bdu pa\u017eeistoje pakuot\u0117je, jeigu siuntoje pateikiamos neu\u017esakytos prek\u0117s arba netinkamas j\u0173 kiekis, nepilna prek\u0117s komplektacija.<br \/>6.9. Pirk\u0117jas visais atvejais pristatymo metu pasteb\u0117j\u0119s pakuot\u0117s pa\u017eeidimus privalo kurjerio pateikiamame siuntos pristatymo dokumente nurodyti pastabas arba sura\u0161yti atskir\u0105 akt\u0105 d\u0117l \u0161i\u0173 pa\u017eeidim\u0173. Tai Pirk\u0117jas privalo padaryti dalyvaujant kurjeriui. Neatlikus toki\u0173 veiksm\u0173 Pardav\u0117jas yra atleid\u017eiamas nuo atsakomyb\u0117s prie\u0161 Pirk\u0117j\u0105 d\u0117l preki\u0173 pa\u017eeidim\u0173, susijusi\u0173 su pakuot\u0117s pa\u017eeidimais, kuri\u0173 Pirk\u0117jas nepa\u017eym\u0117jo kurjerio prek\u0117s pristatymo dokumente.<\/p><h3>Preki\u0173 gr\u0105\u017einimas<\/h3><p>Pirk\u0117jas per 30 (trisde\u0161imt) dien\u0173 turi teis\u0119 prane\u0161ti Pardav\u0117jui apie savo nor\u0105 atsisakyti Pirkimo \u2013 pardavimo sutarties ir gr\u0105\u017einti Prek\u0119, i\u0161skyrus LR Civiliniame kodekso 6.228 straipsnio numatytas i\u0161imtis, bei atgauti sumok\u0117tus pinigus \u012fskaitant pristatymo i\u0161laidas.\u00a0<br \/>Pirk\u0117jas tokiu atveju apmoka tiesiogines Prek\u0117s gr\u0105\u017einimo Pirk\u0117jui i\u0161laidas.<\/p><p>Pirk\u0117jas, norintis prane\u0161ti apie Pirkimo \u2013 pardavimo sutarties atsisakym\u0105, tai padaryti gali elektroniniu pa\u0161tu nurodytu \u0161i\u0173 taisykli\u0173 pabaigoje\u00a0<\/p><p>Atkreipiame Pirk\u0117j\u0173 d\u0117mes\u012f, kad gr\u0105\u017einimui ir keitimui n\u0117ra priimamos individualiai pritaikytos prek\u0117s ir dovan\u0173 \u010dekiai.<\/p><p>Pirk\u0117jas yra atsakingas, kad gr\u0105\u017einama Prek\u0117 b\u016bt\u0173 \u0161vari, su autenti\u0161komis etiket\u0117mis, apsauginiais mai\u0161eliais ir originalioje pakuot\u0117je, neb\u016bt\u0173 d\u0117v\u0117ta ar kitaip naudota, d\u0117l ko gali suma\u017e\u0117ti Prek\u0117s vert\u0117.<\/p><p>Pirk\u0117jas atsako u\u017e Prek\u0117s vert\u0117s suma\u017e\u0117jim\u0105, atsiradus\u012f d\u0117l veiksm\u0173, neb\u016btin\u0173 Prek\u0117s pob\u016bd\u017eiui, savyb\u0117ms ir veikimui nustatyti, o Pardav\u0117jas turi teis\u0119 viena\u0161ali\u0161kai suma\u017einti Pirk\u0117jui gr\u0105\u017einamos sumos dyd\u012f, proporcingai min\u0117tam Prek\u0117s vert\u0117s suma\u017e\u0117jimui, tok\u012f veiksm\u0105 pagr\u012fsdamas ir pateikdamas Pirk\u0117jui i\u0161ai\u0161kinim\u0105.<\/p><p>Pardav\u0117jas, gav\u0119s gra\u017eint\u0105 Prek\u0119 ir \u012fvertin\u0119s jos b\u016bkl\u0119, i\u0161ra\u0161o Kreditin\u0119 s\u0105skait\u0105 ir gr\u0105\u017eina Pirk\u0117jui u\u017e Prek\u0119 gaut\u0105 apmok\u0117jim\u0105 nedelsiant, bet ne v\u0117liau kaip per 14 (keturiolika) dien\u0173.<\/p><p><strong>12. Baigiamosios nuostatos<\/strong><br \/>12.1 Pirk\u0117jas ir Pardav\u0117jas susitaria, kad visi su Sutartimi susij\u0119 ar d\u0117l jos vykdymo, pa\u017eeidimo, nutraukimo ar negaliojimo kil\u0119 gin\u010dai, pretenzijos ir nesutarimai sprend\u017eiami deryb\u0173 keliu. Jeigu susitarimo nepavyksta pasiekti derybomis, gin\u010dai yra sprend\u017eiami Lietuvos Respublikos teis\u0117s akt\u0173 nustatyta tvarka.<br \/>12.2 Tuo atveju, jei Pirk\u0117jas nesutinka su Pardav\u0117jo parengtu atsakymu \u012f Pirk\u0117jo ra\u0161ytin\u0119 pretenzij\u0105, savo pra\u0161ym\u0105\/skund\u0105 d\u0117l\u00a0 \u012fsigytos prek\u0117s Pirk\u0117jas gali pateikti Valstybinei vartotoj\u0173 teisi\u0173 apsaugos tarnybai (Vilniaus g. 25, 01402 Vilnius, el.p.\u00a0tarnyba@vvtat.lt, tel. 8 5 262 67 51, faks. (8 5) 279 1466, interneto svetain\u0117je www.vvtat.lt).<br \/>12.3 Pirk\u0117jas, esant gin\u010dytinai situacijai, tur\u0117t\u0173 pirmiausia kreiptis \u012f Pardav\u0117j\u0105, o nepavykus i\u0161spr\u0119sti gin\u010do, d\u0117l gin\u010do sprendimo turi teis\u0119 kreiptis \u012f elektronin\u0119 vartotoj\u0173 gin\u010d\u0173 sprendimo platform\u0105: https:\/\/ec.europa.eu\/consumers\/odr\/main\/index.cfm?event=main.home.chooseLanguage<br \/>12.5 Nor\u0117dami informuoti Pardav\u0117j\u0105 apie Preki\u0173 pirkimo-pardavimo taisykli\u0173 pa\u017eeidim\u0105, tur\u0117dami klausim\u0173, pretenzij\u0173 ar jei Jums reikalinga Pardav\u0117jo pagalba d\u0117l Preki\u0173 pirkimo-pardavimo taisykli\u0173 ai\u0161kinimo ar j\u0173 taikymo, pra\u0161ome kreiptis el. pa\u0161tu\u00a0parduotuve@atvyko.lt. \u012e J\u016bs\u0173 paklausimus, gautus ra\u0161tu, atsakysime per 7 kalendorines dienas nuo paklausimo gavimo dienos.<\/p>\t\t\t\t\t\t<\/div>\n\t\t\t\t<\/div>\n\t\t\t\t\t<\/div>\n\t\t\t\t<\/div>\n\t\t\t\t<\/div>\n\t\t","protected":false},"excerpt":{"rendered":"<p>&#8230;<\/p>\n","protected":false},"author":1,"featured_media":0,"parent":0,"menu_order":0,"comment_status":"closed","ping_status":"closed","template":"","meta":{"footnotes":""},"yoast_head":"<!-- This site is optimized with the Yoast SEO plugin v23.4 - https:\/\/yoast.com\/wordpress\/plugins\/seo\/ -->\n<title>Privatumo politika - jaukuskampas.lt<\/title>\n<meta name=\"robots\" content=\"noindex, nofollow\" \/>\n<meta property=\"og:locale\" content=\"lt_LT\" \/>\n<meta property=\"og:type\" content=\"article\" \/>\n<meta property=\"og:title\" content=\"Privatumo politika - jaukuskampas.lt\" \/>\n<meta property=\"og:description\" content=\"...\" \/>\n<meta property=\"og:url\" content=\"https:\/\/jaukuskampas.lt\/index.php\/privatumo-politika\/\" \/>\n<meta property=\"og:site_name\" content=\"jaukuskampas.lt\" \/>\n<meta property=\"article:modified_time\" content=\"2024-03-08T10:10:12+00:00\" \/>\n<meta name=\"twitter:card\" content=\"summary_large_image\" \/>\n<meta name=\"twitter:label1\" content=\"Est. reading time\" \/>\n\t<meta name=\"twitter:data1\" content=\"8 minut\u0117s\" \/>\n<script type=\"application\/ld+json\" class=\"yoast-schema-graph\">{\"@context\":\"https:\/\/schema.org\",\"@graph\":[{\"@type\":\"WebPage\",\"@id\":\"https:\/\/jaukuskampas.lt\/index.php\/privatumo-politika\/\",\"url\":\"https:\/\/jaukuskampas.lt\/index.php\/privatumo-politika\/\",\"name\":\"Privatumo politika - jaukuskampas.lt\",\"isPartOf\":{\"@id\":\"https:\/\/jaukuskampas.lt\/#website\"},\"datePublished\":\"2024-03-08T09:15:39+00:00\",\"dateModified\":\"2024-03-08T10:10:12+00:00\",\"breadcrumb\":{\"@id\":\"https:\/\/jaukuskampas.lt\/index.php\/privatumo-politika\/#breadcrumb\"},\"inLanguage\":\"lt-LT\",\"potentialAction\":[{\"@type\":\"ReadAction\",\"target\":[\"https:\/\/jaukuskampas.lt\/index.php\/privatumo-politika\/\"]}]},{\"@type\":\"BreadcrumbList\",\"@id\":\"https:\/\/jaukuskampas.lt\/index.php\/privatumo-politika\/#breadcrumb\",\"itemListElement\":[{\"@type\":\"ListItem\",\"position\":1,\"name\":\"Home\",\"item\":\"https:\/\/jaukuskampas.lt\/\"},{\"@type\":\"ListItem\",\"position\":2,\"name\":\"Privatumo politika\"}]},{\"@type\":\"WebSite\",\"@id\":\"https:\/\/jaukuskampas.lt\/#website\",\"url\":\"https:\/\/jaukuskampas.lt\/\",\"name\":\"jaukuskampas.lt\",\"description\":\"Geriausi pasi\u016blymai\",\"potentialAction\":[{\"@type\":\"SearchAction\",\"target\":{\"@type\":\"EntryPoint\",\"urlTemplate\":\"https:\/\/jaukuskampas.lt\/?s={search_term_string}\"},\"query-input\":{\"@type\":\"PropertyValueSpecification\",\"valueRequired\":true,\"valueName\":\"search_term_string\"}}],\"inLanguage\":\"lt-LT\"}]}<\/script>\n<!-- \/ Yoast SEO plugin. -->","yoast_head_json":{"title":"Privatumo politika - jaukuskampas.lt","robots":{"index":"noindex","follow":"nofollow"},"og_locale":"lt_LT","og_type":"article","og_title":"Privatumo politika - jaukuskampas.lt","og_description":"...","og_url":"https:\/\/jaukuskampas.lt\/index.php\/privatumo-politika\/","og_site_name":"jaukuskampas.lt","article_modified_time":"2024-03-08T10:10:12+00:00","twitter_card":"summary_large_image","twitter_misc":{"Est. reading time":"8 minut\u0117s"},"schema":{"@context":"https:\/\/schema.org","@graph":[{"@type":"WebPage","@id":"https:\/\/jaukuskampas.lt\/index.php\/privatumo-politika\/","url":"https:\/\/jaukuskampas.lt\/index.php\/privatumo-politika\/","name":"Privatumo politika - jaukuskampas.lt","isPartOf":{"@id":"https:\/\/jaukuskampas.lt\/#website"},"datePublished":"2024-03-08T09:15:39+00:00","dateModified":"2024-03-08T10:10:12+00:00","breadcrumb":{"@id":"https:\/\/jaukuskampas.lt\/index.php\/privatumo-politika\/#breadcrumb"},"inLanguage":"lt-LT","potentialAction":[{"@type":"ReadAction","target":["https:\/\/jaukuskampas.lt\/index.php\/privatumo-politika\/"]}]},{"@type":"BreadcrumbList","@id":"https:\/\/jaukuskampas.lt\/index.php\/privatumo-politika\/#breadcrumb","itemListElement":[{"@type":"ListItem","position":1,"name":"Home","item":"https:\/\/jaukuskampas.lt\/"},{"@type":"ListItem","position":2,"name":"Privatumo politika"}]},{"@type":"WebSite","@id":"https:\/\/jaukuskampas.lt\/#website","url":"https:\/\/jaukuskampas.lt\/","name":"jaukuskampas.lt","description":"Geriausi pasi\u016blymai","potentialAction":[{"@type":"SearchAction","target":{"@type":"EntryPoint","urlTemplate":"https:\/\/jaukuskampas.lt\/?s={search_term_string}"},"query-input":{"@type":"PropertyValueSpecification","valueRequired":true,"valueName":"search_term_string"}}],"inLanguage":"lt-LT"}]}},"_links":{"self":[{"href":"https:\/\/jaukuskampas.lt\/index.php\/wp-json\/wp\/v2\/pages\/1925"}],"collection":[{"href":"https:\/\/jaukuskampas.lt\/index.php\/wp-json\/wp\/v2\/pages"}],"about":[{"href":"https:\/\/jaukuskampas.lt\/index.php\/wp-json\/wp\/v2\/types\/page"}],"author":[{"embeddable":true,"href":"https:\/\/jaukuskampas.lt\/index.php\/wp-json\/wp\/v2\/users\/1"}],"replies":[{"embeddable":true,"href":"https:\/\/jaukuskampas.lt\/index.php\/wp-json\/wp\/v2\/comments?post=1925"}],"version-history":[{"count":4,"href":"https:\/\/jaukuskampas.lt\/index.php\/wp-json\/wp\/v2\/pages\/1925\/revisions"}],"predecessor-version":[{"id":1931,"href":"https:\/\/jaukuskampas.lt\/index.php\/wp-json\/wp\/v2\/pages\/1925\/revisions\/1931"}],"wp:attachment":[{"href":"https:\/\/jaukuskampas.lt\/index.php\/wp-json\/wp\/v2\/media?parent=1925"}],"curies":[{"name":"wp","href":"https:\/\/api.w.org\/{rel}","templated":true}]}}