{"id":2394,"date":"2024-09-25T05:01:41","date_gmt":"2024-09-25T05:01:41","guid":{"rendered":"https:\/\/jaukuskampas.lt\/?post_type=product&#038;p=2394"},"modified":"2024-09-29T06:19:04","modified_gmt":"2024-09-29T06:19:04","slug":"franke-kubus-2","status":"publish","type":"product","link":"https:\/\/jaukuskampas.lt\/index.php\/product\/franke-kubus-2\/","title":{"rendered":"Franke Kubus 2 110-52, virtuvin\u0117 plautuv\u0117"},"content":{"rendered":"\t\t<div data-elementor-type=\"wp-post\" data-elementor-id=\"2394\" class=\"elementor elementor-2394\">\n\t\t\t\t\t\t<section class=\"elementor-section elementor-top-section elementor-element elementor-element-b53d3c1 elementor-section-boxed elementor-section-height-default elementor-section-height-default\" data-id=\"b53d3c1\" data-element_type=\"section\">\n\t\t\t\t\t\t<div class=\"elementor-container elementor-column-gap-no\">\n\t\t\t\t\t<div class=\"elementor-column elementor-col-50 elementor-top-column elementor-element elementor-element-99be635\" data-id=\"99be635\" data-element_type=\"column\">\n\t\t\t<div class=\"elementor-widget-wrap elementor-element-populated\">\n\t\t\t\t\t\t<div class=\"elementor-element elementor-element-5a8784e elementor-widget elementor-widget-heading\" data-id=\"5a8784e\" data-element_type=\"widget\" data-widget_type=\"heading.default\">\n\t\t\t\t<div class=\"elementor-widget-container\">\n\t\t\t<h2 class=\"elementor-heading-title elementor-size-default\">Ap\u017evalga<\/h2>\t\t<\/div>\n\t\t\t\t<\/div>\n\t\t\t\t\t<\/div>\n\t\t<\/div>\n\t\t\t\t<div class=\"elementor-column elementor-col-50 elementor-top-column elementor-element elementor-element-8e27989\" data-id=\"8e27989\" data-element_type=\"column\">\n\t\t\t<div class=\"elementor-widget-wrap elementor-element-populated\">\n\t\t\t\t\t\t<div class=\"elementor-element elementor-element-59e1d71 elementor-widget elementor-widget-heading\" data-id=\"59e1d71\" data-element_type=\"widget\" data-widget_type=\"heading.default\">\n\t\t\t\t<div class=\"elementor-widget-container\">\n\t\t\t<h2 class=\"elementor-heading-title elementor-size-default\">Granitin\u0117 plautuv\u0117 Franke KUBUS 2 KNG 110-52<\/h2>\t\t<\/div>\n\t\t\t\t<\/div>\n\t\t\t\t<div class=\"elementor-element elementor-element-fbf57c5 elementor-widget elementor-widget-text-editor\" data-id=\"fbf57c5\" data-element_type=\"widget\" data-widget_type=\"text-editor.default\">\n\t\t\t\t<div class=\"elementor-widget-container\">\n\t\t\t\t\t\t\t<p>Franke KUBUS 2 plautuv\u0117, pagaminta i\u0161 Fragranit+ (80% granito daleli\u0173 ir 20% ri\u0161am\u0173j\u0173 med\u017eiag\u0173), yra itin atspari kar\u0161\u010diui iki 280\u00b0C. Spalva ir sud\u0117tis yra vienoda visoje gaminio mas\u0117je, kas u\u017etikrina ilgaam\u017ei\u0161kum\u0105 ir estetin\u012f vientisum\u0105.<\/p><p>Siekiant i\u0161laikyti auk\u0161t\u0105 higienos lyg\u012f virtuv\u0117je, plautuv\u0117s pavir\u0161ius padengtas antibakteriniu Sanitized\u00ae sluoksniu su sidabro jonais. Sidabras aktyviai veikia bakterij\u0173 l\u0105steles, suardydamas j\u0173 membranas ir sustabdydamas l\u0105steli\u0173 kv\u0117pavim\u0105, mityb\u0105 bei dauginim\u0105si. Tyrimai parod\u0117, kad Fragranit+ su Sanitized\u00ae technologija sustabdo iki 99% bakterij\u0173 bei mikrob\u0173 plitimo. \u0160i danga padidina virtuv\u0117s \u0161var\u0105, nors nepakei\u010dia reguliaraus valymo.<\/p><p>Plautuv\u0117 taip pat turi ekscentrin\u012f 3\u00bd\u201d ventil\u012f ir patog\u0173 apval\u0173 paspaud\u017eiam\u0105 ventilio valdymo mygtuk\u0105 (skyl\u0117s diametras \u2013 35 mm), kuris leid\u017eia lengvai kontroliuoti vandens nutek\u0117jim\u0105.<\/p><p><strong>Pagrindin\u0117s savyb\u0117s:<\/strong><\/p><ul><li style=\"list-style-type: none;\"><ul><li>Montuojama i\u0161 apa\u010dios.<\/li><li>Fragranit+ \/ Sanitized<\/li><li>Matmenys: 56&#215;46 cm<\/li><li>Dubuo 52\/42\/20 cm<\/li><li>I\u0161pjova 52&#215;42 cm (R=10 mm)<\/li><li>Ekscentrinis 3 1\/2&#8221; ventilis<\/li><li>Apvalus paspaud\u017eiamas ventilio valdymo mygtukas (skyl\u0117 \u00d8 35 mm)<\/li><\/ul><\/li><\/ul><p>Naudodami PowerVision S1 Gimbal, gal\u0117site lengvai transformuoti savo i\u0161maniojo telefono filmavimo patirt\u012f, suteikdami kiekvienam \u012fra\u0161ui sklandumo, stabilumo ir profesionalumo. Ar esate pradedantysis vaizdo k\u016br\u0117jas ar patyr\u0119s profesionalas, PowerVision S1 yra puikus \u012frankis, kuris atne\u0161 k\u016brybin\u0119 laisv\u0119 ir leis pasiekti nepriekai\u0161ting\u0173 rezultat\u0173.<\/p>\t\t\t\t\t\t<\/div>\n\t\t\t\t<\/div>\n\t\t\t\t<div class=\"elementor-element elementor-element-0949715 elementor-widget elementor-widget-image\" data-id=\"0949715\" data-element_type=\"widget\" data-widget_type=\"image.default\">\n\t\t\t\t<div class=\"elementor-widget-container\">\n\t\t\t\t\t\t\t\t\t\t\t\t\t<img loading=\"lazy\" loading=\"lazy\" decoding=\"async\" width=\"640\" height=\"425\" src=\"https:\/\/jaukuskampas.lt\/wp-content\/uploads\/2024\/09\/jaukurai-franke-kubus-2-kng-110-37.jpg\" class=\"attachment-full size-full wp-image-2397\" alt=\"\" srcset=\"https:\/\/jaukuskampas.lt\/wp-content\/uploads\/2024\/09\/jaukurai-franke-kubus-2-kng-110-37.jpg 640w, https:\/\/jaukuskampas.lt\/wp-content\/uploads\/2024\/09\/jaukurai-franke-kubus-2-kng-110-37-300x199.jpg 300w, https:\/\/jaukuskampas.lt\/wp-content\/uploads\/2024\/09\/jaukurai-franke-kubus-2-kng-110-37-600x398.jpg 600w, https:\/\/jaukuskampas.lt\/wp-content\/uploads\/2024\/09\/jaukurai-franke-kubus-2-kng-110-37-1x1.jpg 1w, https:\/\/jaukuskampas.lt\/wp-content\/uploads\/2024\/09\/jaukurai-franke-kubus-2-kng-110-37-10x7.jpg 10w\" sizes=\"(max-width: 640px) 100vw, 640px\" \/>\t\t\t\t\t\t\t\t\t\t\t\t\t<\/div>\n\t\t\t\t<\/div>\n\t\t\t\t\t<\/div>\n\t\t<\/div>\n\t\t\t\t\t<\/div>\n\t\t<\/section>\n\t\t\t\t<section class=\"elementor-section elementor-top-section elementor-element elementor-element-7d3fbca elementor-section-boxed elementor-section-height-default elementor-section-height-default\" data-id=\"7d3fbca\" data-element_type=\"section\">\n\t\t\t\t\t\t<div class=\"elementor-container elementor-column-gap-no\">\n\t\t\t\t\t<div class=\"elementor-column elementor-col-50 elementor-top-column elementor-element elementor-element-af0281b\" data-id=\"af0281b\" data-element_type=\"column\">\n\t\t\t<div class=\"elementor-widget-wrap elementor-element-populated\">\n\t\t\t\t\t\t<div class=\"elementor-element elementor-element-f6f0884 elementor-widget elementor-widget-heading\" data-id=\"f6f0884\" data-element_type=\"widget\" data-widget_type=\"heading.default\">\n\t\t\t\t<div class=\"elementor-widget-container\">\n\t\t\t<h2 class=\"elementor-heading-title elementor-size-default\">Pakuot\u0117je<\/h2>\t\t<\/div>\n\t\t\t\t<\/div>\n\t\t\t\t\t<\/div>\n\t\t<\/div>\n\t\t\t\t<div class=\"elementor-column elementor-col-50 elementor-top-column elementor-element elementor-element-c20ac13\" data-id=\"c20ac13\" data-element_type=\"column\">\n\t\t\t<div class=\"elementor-widget-wrap elementor-element-populated\">\n\t\t\t\t\t\t<div class=\"elementor-element elementor-element-5dd5f67 elementor-widget elementor-widget-text-editor\" data-id=\"5dd5f67\" data-element_type=\"widget\" data-widget_type=\"text-editor.default\">\n\t\t\t\t<div class=\"elementor-widget-container\">\n\t\t\t\t\t\t\t<ul><li>Franke Kubus 2 KNG 110-52\u00a0 granito plautuv\u0117 su ekscentriniu valdymu.<\/li><li>Sietelis kaip ekscentrinis 3 \u00bd&#8221; ventilis su ner\u016bdijan\u010dio plieno dangteliu<\/li><\/ul>\t\t\t\t\t\t<\/div>\n\t\t\t\t<\/div>\n\t\t\t\t\t<\/div>\n\t\t<\/div>\n\t\t\t\t\t<\/div>\n\t\t<\/section>\n\t\t\t\t<\/div>\n\t\t","protected":false},"excerpt":{"rendered":"<p>&#8230;<\/p>\n","protected":false},"featured_media":2404,"comment_status":"open","ping_status":"closed","template":"","meta":[],"etheme_brands":[{"term_id":61,"name":"Franke","slug":"franke","term_group":0,"term_taxonomy_id":61,"taxonomy":"brand","description":"","parent":0,"count":1,"filter":"raw"}],"product_cat":[53],"product_tag":[],"yoast_head":"<!-- This site is optimized with the Yoast SEO plugin v23.4 - https:\/\/yoast.com\/wordpress\/plugins\/seo\/ -->\n<title>Franke Kubus 2 110-52, virtuvin\u0117 plautuv\u0117 - jaukuskampas.lt<\/title>\n<meta name=\"robots\" content=\"index, follow, max-snippet:-1, max-image-preview:large, max-video-preview:-1\" \/>\n<link rel=\"canonical\" href=\"https:\/\/jaukuskampas.lt\/index.php\/product\/franke-kubus-2\/\" \/>\n<meta property=\"og:locale\" content=\"lt_LT\" \/>\n<meta property=\"og:type\" content=\"article\" \/>\n<meta property=\"og:title\" content=\"Franke Kubus 2 110-52, virtuvin\u0117 plautuv\u0117 - jaukuskampas.lt\" \/>\n<meta property=\"og:description\" content=\"...\" \/>\n<meta property=\"og:url\" content=\"https:\/\/jaukuskampas.lt\/index.php\/product\/franke-kubus-2\/\" \/>\n<meta property=\"og:site_name\" content=\"jaukuskampas.lt\" \/>\n<meta property=\"article:modified_time\" content=\"2024-09-29T06:19:04+00:00\" \/>\n<meta property=\"og:image\" content=\"http:\/\/jaukuskampas.lt\/wp-content\/uploads\/2024\/09\/1250512505-1.png\" \/>\n\t<meta property=\"og:image:width\" content=\"388\" \/>\n\t<meta property=\"og:image:height\" content=\"388\" \/>\n\t<meta property=\"og:image:type\" content=\"image\/png\" \/>\n<meta name=\"twitter:card\" content=\"summary_large_image\" \/>\n<meta name=\"twitter:label1\" content=\"Est. reading time\" \/>\n\t<meta name=\"twitter:data1\" content=\"2 minut\u0117s\" \/>\n<script type=\"application\/ld+json\" class=\"yoast-schema-graph\">{\"@context\":\"https:\/\/schema.org\",\"@graph\":[{\"@type\":\"WebPage\",\"@id\":\"https:\/\/jaukuskampas.lt\/index.php\/product\/franke-kubus-2\/\",\"url\":\"https:\/\/jaukuskampas.lt\/index.php\/product\/franke-kubus-2\/\",\"name\":\"Franke Kubus 2 110-52, virtuvin\u0117 plautuv\u0117 - jaukuskampas.lt\",\"isPartOf\":{\"@id\":\"https:\/\/jaukuskampas.lt\/#website\"},\"primaryImageOfPage\":{\"@id\":\"https:\/\/jaukuskampas.lt\/index.php\/product\/franke-kubus-2\/#primaryimage\"},\"image\":{\"@id\":\"https:\/\/jaukuskampas.lt\/index.php\/product\/franke-kubus-2\/#primaryimage\"},\"thumbnailUrl\":\"https:\/\/jaukuskampas.lt\/wp-content\/uploads\/2024\/09\/1250512505-1.png\",\"datePublished\":\"2024-09-25T05:01:41+00:00\",\"dateModified\":\"2024-09-29T06:19:04+00:00\",\"breadcrumb\":{\"@id\":\"https:\/\/jaukuskampas.lt\/index.php\/product\/franke-kubus-2\/#breadcrumb\"},\"inLanguage\":\"lt-LT\",\"potentialAction\":[{\"@type\":\"ReadAction\",\"target\":[\"https:\/\/jaukuskampas.lt\/index.php\/product\/franke-kubus-2\/\"]}]},{\"@type\":\"ImageObject\",\"inLanguage\":\"lt-LT\",\"@id\":\"https:\/\/jaukuskampas.lt\/index.php\/product\/franke-kubus-2\/#primaryimage\",\"url\":\"https:\/\/jaukuskampas.lt\/wp-content\/uploads\/2024\/09\/1250512505-1.png\",\"contentUrl\":\"https:\/\/jaukuskampas.lt\/wp-content\/uploads\/2024\/09\/1250512505-1.png\",\"width\":388,\"height\":388,\"caption\":\"franke kubus 2\"},{\"@type\":\"BreadcrumbList\",\"@id\":\"https:\/\/jaukuskampas.lt\/index.php\/product\/franke-kubus-2\/#breadcrumb\",\"itemListElement\":[{\"@type\":\"ListItem\",\"position\":1,\"name\":\"Home\",\"item\":\"https:\/\/jaukuskampas.lt\/\"},{\"@type\":\"ListItem\",\"position\":2,\"name\":\"Shop\",\"item\":\"https:\/\/jaukuskampas.lt\/index.php\/shop-2\/\"},{\"@type\":\"ListItem\",\"position\":3,\"name\":\"Franke Kubus 2 110-52, virtuvin\u0117 plautuv\u0117\"}]},{\"@type\":\"WebSite\",\"@id\":\"https:\/\/jaukuskampas.lt\/#website\",\"url\":\"https:\/\/jaukuskampas.lt\/\",\"name\":\"jaukuskampas.lt\",\"description\":\"Geriausi pasi\u016blymai\",\"potentialAction\":[{\"@type\":\"SearchAction\",\"target\":{\"@type\":\"EntryPoint\",\"urlTemplate\":\"https:\/\/jaukuskampas.lt\/?s={search_term_string}\"},\"query-input\":{\"@type\":\"PropertyValueSpecification\",\"valueRequired\":true,\"valueName\":\"search_term_string\"}}],\"inLanguage\":\"lt-LT\"}]}<\/script>\n<!-- \/ Yoast SEO plugin. -->","yoast_head_json":{"title":"Franke Kubus 2 110-52, virtuvin\u0117 plautuv\u0117 - jaukuskampas.lt","robots":{"index":"index","follow":"follow","max-snippet":"max-snippet:-1","max-image-preview":"max-image-preview:large","max-video-preview":"max-video-preview:-1"},"canonical":"https:\/\/jaukuskampas.lt\/index.php\/product\/franke-kubus-2\/","og_locale":"lt_LT","og_type":"article","og_title":"Franke Kubus 2 110-52, virtuvin\u0117 plautuv\u0117 - jaukuskampas.lt","og_description":"...","og_url":"https:\/\/jaukuskampas.lt\/index.php\/product\/franke-kubus-2\/","og_site_name":"jaukuskampas.lt","article_modified_time":"2024-09-29T06:19:04+00:00","og_image":[{"width":388,"height":388,"url":"http:\/\/jaukuskampas.lt\/wp-content\/uploads\/2024\/09\/1250512505-1.png","type":"image\/png"}],"twitter_card":"summary_large_image","twitter_misc":{"Est. reading time":"2 minut\u0117s"},"schema":{"@context":"https:\/\/schema.org","@graph":[{"@type":"WebPage","@id":"https:\/\/jaukuskampas.lt\/index.php\/product\/franke-kubus-2\/","url":"https:\/\/jaukuskampas.lt\/index.php\/product\/franke-kubus-2\/","name":"Franke Kubus 2 110-52, virtuvin\u0117 plautuv\u0117 - jaukuskampas.lt","isPartOf":{"@id":"https:\/\/jaukuskampas.lt\/#website"},"primaryImageOfPage":{"@id":"https:\/\/jaukuskampas.lt\/index.php\/product\/franke-kubus-2\/#primaryimage"},"image":{"@id":"https:\/\/jaukuskampas.lt\/index.php\/product\/franke-kubus-2\/#primaryimage"},"thumbnailUrl":"https:\/\/jaukuskampas.lt\/wp-content\/uploads\/2024\/09\/1250512505-1.png","datePublished":"2024-09-25T05:01:41+00:00","dateModified":"2024-09-29T06:19:04+00:00","breadcrumb":{"@id":"https:\/\/jaukuskampas.lt\/index.php\/product\/franke-kubus-2\/#breadcrumb"},"inLanguage":"lt-LT","potentialAction":[{"@type":"ReadAction","target":["https:\/\/jaukuskampas.lt\/index.php\/product\/franke-kubus-2\/"]}]},{"@type":"ImageObject","inLanguage":"lt-LT","@id":"https:\/\/jaukuskampas.lt\/index.php\/product\/franke-kubus-2\/#primaryimage","url":"https:\/\/jaukuskampas.lt\/wp-content\/uploads\/2024\/09\/1250512505-1.png","contentUrl":"https:\/\/jaukuskampas.lt\/wp-content\/uploads\/2024\/09\/1250512505-1.png","width":388,"height":388,"caption":"franke kubus 2"},{"@type":"BreadcrumbList","@id":"https:\/\/jaukuskampas.lt\/index.php\/product\/franke-kubus-2\/#breadcrumb","itemListElement":[{"@type":"ListItem","position":1,"name":"Home","item":"https:\/\/jaukuskampas.lt\/"},{"@type":"ListItem","position":2,"name":"Shop","item":"https:\/\/jaukuskampas.lt\/index.php\/shop-2\/"},{"@type":"ListItem","position":3,"name":"Franke Kubus 2 110-52, virtuvin\u0117 plautuv\u0117"}]},{"@type":"WebSite","@id":"https:\/\/jaukuskampas.lt\/#website","url":"https:\/\/jaukuskampas.lt\/","name":"jaukuskampas.lt","description":"Geriausi pasi\u016blymai","potentialAction":[{"@type":"SearchAction","target":{"@type":"EntryPoint","urlTemplate":"https:\/\/jaukuskampas.lt\/?s={search_term_string}"},"query-input":{"@type":"PropertyValueSpecification","valueRequired":true,"valueName":"search_term_string"}}],"inLanguage":"lt-LT"}]}},"_links":{"self":[{"href":"https:\/\/jaukuskampas.lt\/index.php\/wp-json\/wp\/v2\/product\/2394"}],"collection":[{"href":"https:\/\/jaukuskampas.lt\/index.php\/wp-json\/wp\/v2\/product"}],"about":[{"href":"https:\/\/jaukuskampas.lt\/index.php\/wp-json\/wp\/v2\/types\/product"}],"replies":[{"embeddable":true,"href":"https:\/\/jaukuskampas.lt\/index.php\/wp-json\/wp\/v2\/comments?post=2394"}],"version-history":[{"count":6,"href":"https:\/\/jaukuskampas.lt\/index.php\/wp-json\/wp\/v2\/product\/2394\/revisions"}],"predecessor-version":[{"id":2401,"href":"https:\/\/jaukuskampas.lt\/index.php\/wp-json\/wp\/v2\/product\/2394\/revisions\/2401"}],"wp:featuredmedia":[{"embeddable":true,"href":"https:\/\/jaukuskampas.lt\/index.php\/wp-json\/wp\/v2\/media\/2404"}],"wp:attachment":[{"href":"https:\/\/jaukuskampas.lt\/index.php\/wp-json\/wp\/v2\/media?parent=2394"}],"wp:term":[{"taxonomy":"brand","embeddable":true,"href":"https:\/\/jaukuskampas.lt\/index.php\/wp-json\/wp\/v2\/etheme_brands?post=2394"},{"taxonomy":"product_cat","embeddable":true,"href":"https:\/\/jaukuskampas.lt\/index.php\/wp-json\/wp\/v2\/product_cat?post=2394"},{"taxonomy":"product_tag","embeddable":true,"href":"https:\/\/jaukuskampas.lt\/index.php\/wp-json\/wp\/v2\/product_tag?post=2394"}],"curies":[{"name":"wp","href":"https:\/\/api.w.org\/{rel}","templated":true}]}}